{"id":1807,"date":"2025-09-03T15:38:28","date_gmt":"2025-09-03T13:38:28","guid":{"rendered":"https:\/\/www.bookogami.de\/online-shop\/?post_type=product&#038;p=1807"},"modified":"2026-01-18T11:53:54","modified_gmt":"2026-01-18T10:53:54","slug":"maeuse-workshop-in-quedlinburg-30-31-05-2026","status":"publish","type":"product","link":"https:\/\/www.bookogami.de\/online-shop\/produkt\/maeuse-workshop-in-quedlinburg-30-31-05-2026\/","title":{"rendered":"M\u00c4USE-WORKSHOP in Quedlinburg | 30.\/31.05.2026"},"content":{"rendered":"<p><span style=\"font-size: 12pt;\"><strong>G\u00f6nn Dir eine kleine Mauszeit!<\/strong><\/span><\/p>\n<p><span style=\"font-size: 12pt;\">So eine s\u00fc\u00dfe Maus aus alten Buchseiten soll bei dir zu Hause einziehen? Oder du m\u00f6chtest sie an einen lieben Menschen verschenken?<\/span><\/p>\n<p><span style=\"font-size: 12pt;\">Dann fertige unter meiner Anleitung so ein kleines Haustier. F\u00fcr den M\u00e4use-Workshop \u00f6ffne ich die T\u00fcren meiner Werkstatt in Quedlinburg.<\/span><\/p>\n<p><span style=\"font-size: 12pt;\">Du kannst dich von mir im Workshop inspirieren lassen, aber auch eigene Ideen mitbringen. Gemeinsam n\u00e4hern wir uns in einfachen, nachvollziehbaren Schritten dem Ziel: Am Ende des Workshops begleitet dich deine eigene niedliche Maus nach Hause. <\/span><\/p>\n<p><span style=\"font-size: 12pt;\"><strong>Das erwartet Dich:<\/strong><\/span><\/p>\n<ul>\n<li><span style=\"font-size: 12pt;\">Am ersten Tag widmen wir uns dem Grundger\u00fcst und dem Aufbau der Figur. Ich unterst\u00fctze dich dabei Schritt f\u00fcr Schritt, gebe Tipps und zeige meine Tricks.<\/span><\/li>\n<li><span style=\"font-size: 12pt;\">Am zweiten Tag besch\u00e4ftigen wir uns mit der H\u00fclle aus alten Buchseiten und vergessen neben ausgew\u00e4hlten Bekleidungsst\u00fccken auch nicht so lebenswichtige Details wie Brille und Handtasche.<\/span><\/li>\n<li><span style=\"font-size: 12pt;\">Nach dem Workshop bist du in der Lage, zu Hause weitere kleine M\u00e4use zu fertigen und ihnen unterschiedliche Charaktere zu geben.<\/span><\/li>\n<li><span style=\"font-size: 12pt;\">G\u00f6nn dir die kleine kreative Auszeit: Gemeinsam mit Gleichgesinnten verbringen wir zwei wundervolle und entspannte Tage. Ich freue mich schon darauf.<\/span><\/li>\n<li><span style=\"font-size: 12pt;\"><em><strong>Ort:\u00a0 \u00a0 \u00a0 \u00a0 \u00a0Quedlinburg, Mauerstra\u00dfe 15<\/strong><\/em><\/span><\/li>\n<li><span style=\"font-size: 12pt;\"><em><strong>Datum:\u00a0 Zweit\u00e4giger Kurs | 30.\/31.05.2026\u00a0\u00a0<br \/>\n<\/strong><\/em><\/span><span style=\"font-size: 12pt;\"><em><strong>\u00a0 \u00a0 \u00a0 \u00a0 \u00a0 \u00a0 \u00a0 \u00a0 \u00a0Samstag 11:00 bis 17:30 |\u00a0 Sonntag 10:00 bis 15:00 Uhr<\/p>\n<p><\/strong><\/em><\/span><\/li>\n<\/ul>\n<p><span style=\"font-size: 12pt;\"><strong>Im Preis sind enthalten:<\/strong><\/span><\/p>\n<ul>\n<li><span style=\"font-size: 12pt;\">Workshop mit der Papier-Expertin und Kreativbuch-Autorin Anka Br\u00fcggemann.<\/span><\/li>\n<li><span style=\"font-size: 12pt;\">Alle notwendigen Materialien und Werkzeuge stehen zur Verf\u00fcgung.<\/span><\/li>\n<li><span style=\"font-size: 12pt;\">Getr\u00e4nke und ein kleiner Imbiss stehen zur St\u00e4rkung bereit..<\/span><\/li>\n<li><span style=\"font-size: 12pt;\">Maximal 8 Teilnehmende! Der Workshop ist auch f\u00fcr Anf\u00e4nger geeignet. Es sind keine Vorkenntnisse erforderlich.<\/span><\/li>\n<\/ul>\n<p><span style=\"font-size: 12pt;\"><strong>Hinweise:<\/strong><\/span><\/p>\n<ul>\n<li><span style=\"font-size: 12pt;\">Die Maus wird ca. 16 cm gro\u00df.<\/span><\/li>\n<li><span style=\"font-size: 12pt;\">Bitte bringe f\u00fcr die Arbeit geeignete Kleidung mit und richte dich darauf ein, dass deine Maus auf dem Heimweg vielleicht noch nicht hundertprozentig durchgetrocknet ist.<\/span><\/li>\n<li><span style=\"font-size: 12pt;\">Dieser kompakte Kurs eignet sich vor allem f\u00fcr Teilnehmene, die nach Quedlinburg eine weite Anreise haben.<\/span><\/li>\n<li><span style=\"font-size: 12pt;\">\u00dcbernachtungsm\u00f6glichkeiten k\u00f6nnen in der Quedlinburg-Information erfragt werden:<br \/>\nTel. 03946 905624 oder qtm@quedlinburg.de<\/span><\/li>\n<\/ul>\n","protected":false},"excerpt":{"rendered":"<p><strong>M\u00c4USE-WORKSHOP<br \/>\n<\/strong><strong>Samstag | 30.05.2026<\/strong><br \/>\n<strong>Sonntag | 31.05.2026<br \/>\n15 Unterrichtsstunden<\/strong><br \/>\n<strong>Ort: Quedlinburg<\/strong><\/p>\n<p>&nbsp;<\/p>\n","protected":false},"featured_media":1829,"comment_status":"closed","ping_status":"closed","template":"","meta":{"spay_email":""},"product_cat":[126],"product_tag":[],"_links":{"self":[{"href":"https:\/\/www.bookogami.de\/online-shop\/wp-json\/wp\/v2\/product\/1807"}],"collection":[{"href":"https:\/\/www.bookogami.de\/online-shop\/wp-json\/wp\/v2\/product"}],"about":[{"href":"https:\/\/www.bookogami.de\/online-shop\/wp-json\/wp\/v2\/types\/product"}],"replies":[{"embeddable":true,"href":"https:\/\/www.bookogami.de\/online-shop\/wp-json\/wp\/v2\/comments?post=1807"}],"wp:featuredmedia":[{"embeddable":true,"href":"https:\/\/www.bookogami.de\/online-shop\/wp-json\/wp\/v2\/media\/1829"}],"wp:attachment":[{"href":"https:\/\/www.bookogami.de\/online-shop\/wp-json\/wp\/v2\/media?parent=1807"}],"wp:term":[{"taxonomy":"product_cat","embeddable":true,"href":"https:\/\/www.bookogami.de\/online-shop\/wp-json\/wp\/v2\/product_cat?post=1807"},{"taxonomy":"product_tag","embeddable":true,"href":"https:\/\/www.bookogami.de\/online-shop\/wp-json\/wp\/v2\/product_tag?post=1807"}],"curies":[{"name":"wp","href":"https:\/\/api.w.org\/{rel}","templated":true}]}}