{"id":180,"date":"2017-05-04T17:33:37","date_gmt":"2017-05-04T15:33:37","guid":{"rendered":"http:\/\/www.bookogami.de\/online-shop\/?page_id=180"},"modified":"2021-01-09T13:56:31","modified_gmt":"2021-01-09T12:56:31","slug":"kontaktformular","status":"publish","type":"page","link":"https:\/\/www.bookogami.de\/online-shop\/kontaktformular\/","title":{"rendered":"Kontakt"},"content":{"rendered":"<\/p>\n<table>\n<tbody>\n<tr>\n<td style=\"vertical-align: top; text-align: right;\">\n<p>03946 9074462<i class=\"fa fa-phone\"><\/i><br \/>\nkontakt@bookogami.de<i class=\"fa fa-envelope\"><\/i><br \/>\n<a href=\"https:\/\/www.bookogami.de\">https:\/\/www.bookogami.de<\/a><i class=\"fa fa-globe\"><\/i><br \/>\nMarktstr. 7, 06484 Quedlinburg<i class=\"fa fa-map-marker\"><\/i><br \/>\n<a href=\"https:\/\/www.facebook.com\/bookogami\" target=\"_blank\" rel=\"noopener noreferrer\">Facebook<\/a><i class=\"fa fa-facebook\"><\/i><br \/>\n<a href=\"https:\/\/www.instagram.com\/anka.brueggemann\/\" target=\"_blank\" rel=\"noopener noreferrer\">Instagram<\/a><i class=\"fa fa-instagram\"><\/i><br \/>\n<a href=\"https:\/\/www.pinterest.de\/Bookogami\/\" target=\"_blank\" rel=\"noopener noreferrer\">Pinterest<\/a><i class=\"fa fa-pinterest\"><\/i><\/p>\n<\/p>\n<\/td>\n<td class=\"kontaktstrich\" style=\"padding: 0px;\"><\/td>\n<td>Ich freue mich \u00fcber ein kurzes Hallo genauso wie \u00fcber Fragen und Anregungen!<br \/>\n<div role=\"form\" class=\"wpcf7\" id=\"wpcf7-f33-o1\" lang=\"de-DE\" dir=\"ltr\">\n<div class=\"screen-reader-response\"><p role=\"status\" aria-live=\"polite\" aria-atomic=\"true\"><\/p> <ul><\/ul><\/div>\n<form action=\"\/online-shop\/wp-json\/wp\/v2\/pages\/180#wpcf7-f33-o1\" method=\"post\" class=\"wpcf7-form init\" novalidate=\"novalidate\" data-status=\"init\">\n<div style=\"display: none;\">\n<input type=\"hidden\" name=\"_wpcf7\" value=\"33\" \/>\n<input type=\"hidden\" name=\"_wpcf7_version\" value=\"5.5.6\" \/>\n<input type=\"hidden\" name=\"_wpcf7_locale\" value=\"de_DE\" \/>\n<input type=\"hidden\" name=\"_wpcf7_unit_tag\" value=\"wpcf7-f33-o1\" \/>\n<input type=\"hidden\" name=\"_wpcf7_container_post\" value=\"0\" \/>\n<input type=\"hidden\" name=\"_wpcf7_posted_data_hash\" value=\"\" \/>\n<\/div>\n<p><label> Ihr Name (Pflichtfeld)<br \/>\n    <span class=\"wpcf7-form-control-wrap your-name\"><input type=\"text\" name=\"your-name\" value=\"\" size=\"40\" class=\"wpcf7-form-control wpcf7-text wpcf7-validates-as-required\" aria-required=\"true\" aria-invalid=\"false\" \/><\/span> <\/label><\/p>\n<p><label> Ihre E-Mail-Adresse (Pflichtfeld)<br \/>\n    <span class=\"wpcf7-form-control-wrap your-email\"><input type=\"email\" name=\"your-email\" value=\"\" size=\"40\" class=\"wpcf7-form-control wpcf7-text wpcf7-email wpcf7-validates-as-required wpcf7-validates-as-email\" aria-required=\"true\" aria-invalid=\"false\" \/><\/span> <\/label><\/p>\n<p><label> Betreff<br \/>\n    <span class=\"wpcf7-form-control-wrap your-subject\"><input type=\"text\" name=\"your-subject\" value=\"\" size=\"40\" class=\"wpcf7-form-control wpcf7-text\" aria-invalid=\"false\" \/><\/span> <\/label><\/p>\n<p><label> Ihre Nachricht<br \/>\n    <span class=\"wpcf7-form-control-wrap your-message\"><textarea name=\"your-message\" cols=\"40\" rows=\"10\" class=\"wpcf7-form-control wpcf7-textarea\" aria-invalid=\"false\"><\/textarea><\/span> <\/label><\/p>\n<p><input type=\"submit\" value=\"Senden\" class=\"wpcf7-form-control has-spinner wpcf7-submit\" \/><\/p>\n<div class=\"wpcf7-response-output\" aria-hidden=\"true\"><\/div><\/form><\/div><\/td>\n<\/tr>\n<\/tbody>\n<\/table>\n<h2>IMPRESSUM<\/h2>\n<p><strong>Inhaltliche Verantwortung:<\/strong><br \/>\nAnka Br\u00fcggemann<br \/>\nMarktstra\u00dfe 7<br \/>\nD-06484 Quedlinburg<\/p>\n<p>E-Mail: kontakt@bookogami.de<\/p>\n<p><strong>USt-ID:<\/strong> DE24 4066 603<\/p>\n<p><strong>Bookogami \u00ae<\/strong><br \/>\nAnka Br\u00fcggemann hat beim Deutschen Patent- und Markenamt die Wortmarke Bookogami sch\u00fctzen lassen (Registernummer 302012063243).<\/p>\n<p><strong>Haftung<\/strong><br \/>\nUnsere Internetseiten unterliegen einer st\u00e4ndigen Kontrolle und werden regelm\u00e4\u00dfig aktualisiert. Dessen ungeachtet \u00fcbernehmen wir keine Garantie f\u00fcr Richtigkeit und Aktualit\u00e4t der angegebenen Informationen und haften nicht f\u00fcr Sch\u00e4den, die durch die Nutzung unserer Internetseiten entstehen.<\/p>\n<p><strong>Copyright<\/strong><br \/>\nAlle Inhalte auf unseren Internetseiten, insbesondere die Texte, Grafiken und Fotos unterliegen dem deutschen Urheberrecht. Die Vervielf\u00e4ltigung, Bearbeitung, Verbreitung und jede Art der Verwertung au\u00dferhalb der Grenzen des Urheberrechtes bed\u00fcrfen der schriftlichen Zustimmung. Downloads und Kopien dieser Seite sind nur f\u00fcr den privaten, nicht kommerziellen Gebrauch gestattet. Soweit die Inhalte auf dieser Seite nicht vom Betreiber erstellt wurden, werden die Urheberrechte Dritter beachtet. Insbesondere werden Inhalte Dritter als solche gekennzeichnet. Sollten Sie trotzdem auf eine Urheberrechtsverletzung aufmerksam werden, bitten wir um einen entsprechenden Hinweis. Bei Bekanntwerden von Rechtsverletzungen werde ich derartige Inhalte umgehend entfernen.<\/p>\n<p><strong>Datenschutzerkl\u00e4rung<br \/>\n<\/strong>Die Nutzung meiner Webseite ist in der Regel ohne Angabe personenbezogener Daten m\u00f6glich. Soweit auf unseren Seiten personenbezogene Daten (beispielsweise Name, Anschrift oder E-Mail-Adressen) erhoben werden, erfolgt dies, soweit m\u00f6glich, stets auf freiwilliger Basis. Diese Daten werden ohne Ihre ausdr\u00fcckliche Zustimmung nicht an Dritte weitergegeben. Ich weise darauf hin, dass die Daten\u00fcbertragung im Internet (z.B. bei der Kommunikation per E-Mail) Sicherheitsl\u00fccken aufweisen kann. Ein l\u00fcckenloser Schutz der Daten vor dem Zugriff durch Dritte ist nicht m\u00f6glich.<br \/>\n<strong>Google Analytics<br \/>\n<\/strong>Diese Website benutzt Google Analytics, einen Webanalysedienst der Google Inc. (Google). Google Analytics verwendet sog. Cookies, Textdateien, die auf Ihrem Computer gespeichert werden und die eine Analyse der Benutzung der Website durch Sie erm\u00f6glichen. Die durch den Cookie erzeugten Informationen \u00fcber Ihre Benutzung dieser Website werden in der Regel an einen Server von Google in den USA \u00fcbertragen und dort gespeichert.<br \/>\nDurch die Aktivierung der IP-Anonymisierung auf dieser Webseite, wird Ihre IP-Adresse von Google jedoch innerhalb von Mitgliedstaaten der Europ\u00e4ischen Union zuvor gek\u00fcrzt. Nur in Ausnahmef\u00e4llen wird die volle IP-Adresse an einen Server von Google in den USA \u00fcbertragen und dort gek\u00fcrzt. Im Auftrag des Betreibers dieser Website wird Google diese Informationen benutzen, um Ihre Nutzung der Website auszuwerten, um Reports \u00fcber die Websiteaktivit\u00e4ten zusammenzustellen. Die im Rahmen von Google Analytics von Ihrem Browser \u00fcbermittelte IP-Adresse wird nicht mit anderen Daten von Google zusammengef\u00fchrt.<br \/>\nSie k\u00f6nnen die Speicherung der Cookies durch eine entsprechende Einstellung Ihrer Browser-Software verhindern; wir weisen Sie jedoch darauf hin, dass Sie in diesem Fall gegebenenfalls nicht s\u00e4mtliche Funktionen dieser Website vollumf\u00e4nglich werden nutzen k\u00f6nnen.<\/p>\n","protected":false},"excerpt":{"rendered":"<p>03946 9074462 kontakt@bookogami.de https:\/\/www.bookogami.de Marktstr. 7, 06484 Quedlinburg Facebook Instagram Pinterest Ich freue mich \u00fcber ein kurzes Hallo genauso wie \u00fcber Fragen und Anregungen! IMPRESSUM Inhaltliche Verantwortung: Anka Br\u00fcggemann Marktstra\u00dfe 7 D-06484 Quedlinburg E-Mail: kontakt@bookogami.de USt-ID: DE24 4066 603 Bookogami \u00ae Anka Br\u00fcggemann hat beim Deutschen Patent- und Markenamt die Wortmarke Bookogami sch\u00fctzen lassen (Registernummer 302012063243). Haftung Unsere Internetseiten unterliegen einer st\u00e4ndigen Kontrolle und werden regelm\u00e4\u00dfig aktualisiert. Dessen ungeachtet \u00fcbernehmen wir keine Garantie f\u00fcr Richtigkeit und Aktualit\u00e4t der angegebenen Informationen und haften nicht f\u00fcr Sch\u00e4den, die durch die Nutzung unserer Internetseiten entstehen. Copyright Alle Inhalte auf unseren Internetseiten, insbesondere die Texte, Grafiken und Fotos unterliegen dem deutschen Urheberrecht. Die Vervielf\u00e4ltigung, Bearbeitung, Verbreitung und jede Art der Verwertung au\u00dferhalb der Grenzen des Urheberrechtes bed\u00fcrfen der schriftlichen Zustimmung. Downloads und Kopien dieser Seite sind nur f\u00fcr den privaten, nicht kommerziellen Gebrauch gestattet. Soweit die Inhalte auf dieser Seite nicht vom Betreiber erstellt wurden, werden die Urheberrechte Dritter beachtet. Insbesondere werden Inhalte Dritter als solche gekennzeichnet. Sollten Sie trotzdem auf eine Urheberrechtsverletzung aufmerksam werden, bitten wir um einen entsprechenden Hinweis. Bei Bekanntwerden von Rechtsverletzungen werde ich derartige Inhalte umgehend entfernen. Datenschutzerkl\u00e4rung Die Nutzung meiner Webseite ist in der Regel ohne Angabe personenbezogener Daten [&hellip;]<\/p>\n","protected":false},"author":1,"featured_media":0,"parent":0,"menu_order":0,"comment_status":"closed","ping_status":"closed","template":"page-fullwidth.php","meta":{"spay_email":""},"_links":{"self":[{"href":"https:\/\/www.bookogami.de\/online-shop\/wp-json\/wp\/v2\/pages\/180"}],"collection":[{"href":"https:\/\/www.bookogami.de\/online-shop\/wp-json\/wp\/v2\/pages"}],"about":[{"href":"https:\/\/www.bookogami.de\/online-shop\/wp-json\/wp\/v2\/types\/page"}],"author":[{"embeddable":true,"href":"https:\/\/www.bookogami.de\/online-shop\/wp-json\/wp\/v2\/users\/1"}],"replies":[{"embeddable":true,"href":"https:\/\/www.bookogami.de\/online-shop\/wp-json\/wp\/v2\/comments?post=180"}],"version-history":[{"count":7,"href":"https:\/\/www.bookogami.de\/online-shop\/wp-json\/wp\/v2\/pages\/180\/revisions"}],"predecessor-version":[{"id":1586,"href":"https:\/\/www.bookogami.de\/online-shop\/wp-json\/wp\/v2\/pages\/180\/revisions\/1586"}],"wp:attachment":[{"href":"https:\/\/www.bookogami.de\/online-shop\/wp-json\/wp\/v2\/media?parent=180"}],"curies":[{"name":"wp","href":"https:\/\/api.w.org\/{rel}","templated":true}]}}